te?
False
Is 2010374 a prime number?
False
Is 54613 composite?
True
Is 18923 a composite number?
True
Is 1693 a composite number?
False
Is 170669 prime?
True
Is 1007143 composite?
True
Is 129413 a prime number?
False
Is 106705 a composite number?
True
Is 1318633 a composite number?
False
Is 154519 prime?
False
Is 2964697 prime?
True
Is 74569 a composite number?
True
Is 557 a composite number?
False
Is 6437 composite?
True
Is 260439 prime?
False
Is 2304181 prime?
False
Is 749129 prime?
True
Is 231779 prime?
True
Is 1569869 composite?
True
Is 13817 a prime number?
False
Is 98927 prime?
True
Is 145963 a composite number?
False
Is 679353 a composite number?
True
Is 296521 a composite number?
True
Is 25394 prime?
False
Is 260081 composite?
False
Is 68711 a composite number?
False
Is 799279 prime?
False
Is 6823 composite?
False
Is 24914 prime?
False
Is 4583 a composite number?
False
Is 22669 a prime number?
True
Is 668758 composite?
True
Is 56767 a composite number?
False
Is 2030993 composite?
True
Is 34619 a prime number?
False
Is 32083 composite?
False
Is 7349 prime?
True
Is 35671 prime?
True
Is 128581 a composite number?
True
Is 117679 prime?
True
Is 719 a prime number?
True
Is 19031 prime?
True
Is 15493 a composite number?
False
Is 85751 a composite number?
False
Is 3791 prime?
False
Is 21683 prime?
True
Is 75011 prime?
True
Is 22613 composite?
False
Is 12169 composite?
True
Is 21059 a prime number?
True
Is 4987 a prime number?
True
Is 37039 composite?
False
Is 16703 a prime number?
True
Is 30341 a composite number?
False
Is 2818 a composite number?
True
Is 23783 prime?
False
Is 23801 composite?
False
Is 38455 a prime number?
False
Is 1797893 composite?
False
Is 855187 a prime number?
True
Is 722647 prime?
False
Is 17837 a composite number?
False
Is 18641 a prime number?
False
Is 2234545 a composite number?
True
Is 46619 prime?
True
Is 240421 a composite number?
False
Is 181387 a prime number?
True
Is 8315 a composite number?
True
Is 939073 a prime number?
False
Is 13567 composite?
False
Is 2118751 prime?
True
Is 3422353 a composite number?
True
Is 393033 prime?
False
Is 90971 composite?
False
Is 229997 a prime number?
False
Is 64145 a prime number?
False
Is 2521 composite?
False
Is 9987 composite?
True
Is 1373 a composite number?
False
Is 8189 a prime number?
False
Is 850699 a composite number?
True
Is 69691 composite?
False
Is 762211 composite?
False
Is 142453 a prime number?
True
Is 4111 composite?
False
Is 1897 a composite number?
True
Is 7989 a composite number?
True
Is 18247 a composite number?
True
Is 5737 a prime number?
True
Is 45863 a prime number?
True
Is 1151 prime?
True
Is 14047 prime?
False
Is 613097 a prime number?
True
Is 57029 a composite number?
True
Is 130547 prime?
True
Is 7387 a composite number?
True
Is 796553 a composite number?
False
Is 319 a composite number?
True
Is 34234 a composite number?
True
Is 803 a prime number?
False
Is 152767 a prime number?
True
Is 65938 a prime number?
False
Is 7417 a prime number?
True
Is 8159 composite?
True
Is 178091 a composite number?
False
Is 5531 a prime number?
True
Is 51713 a composite number?
False
Is 1213167 a composite number?
True
Is 752127 a composite number?
True
Is 163697 a composite number?
False
Is 239433 composite?
True
Is 10559 prime?
True
Is 7741 composite?
False
Is 4861 prime?
True
Is 1022878 prime?
False
Is 23899 prime?
True
Is 51871 prime?
True
Is 21647 composite?
False
Is 7799 prime?
False
Is 13973 a composite number?
True
Is 300581 prime?
True
Is 3547 a composite number?
False
Is 4207 a composite number?
True
Is 435359 composite?
False
Is 6121 a prime number?
True
Is 17077 composite?
False
Is 123665 prime?
False
Is 1169947 composite?
True
Is 421061 prime?
False
Is 1990391 composite?
True
Is 1422173 a composite number?
True
Is 52517 composite?
False
Is 1360507 composite?
False
Is 180031 a composite number?
True
Is 4897 a prime number?
False
Is 63569 composite?
True
Is 2498 a prime number?
False
Is 15853 a composite number?
True
Is 1657 a prime number?
True
Is 14369 a prime number?
True
Is 1007629 prime?
False
Is 8321 composite?
True
Is 102137 prime?
False
Is 1021621 prime?
True
Is 126127 prime?
True
Is 1708715 composite?
True
Is 3253505 a prime number?
False
Is 54521 a prime number?
True
Is 2267 prime?
True
Is 7177 composite?
False
Is 423194 a composite number?
True
Is 880483 prime?
True
Is 3466277 prime?
True
Is 194767 composite?
False
Is 1506007 a composite number?
False
Is 3439747 a composite number?
False
Is 9197 a composite number?
True
Is 1847 a composite number?
False
Is 25889 a prime number?
True
Is 10367 a prime number?
False
Is 720221 a composite number?
False
Is 1234231 a prime number?
True
Is 5039 prime?
True
Is 31121 composite?
False
Is 140053 prime?
True
Is 8809 a prime number?
False
Is 541 prime?
True
Is 3389 prime?
True
Is 3967 a composite number?
False
Is 2581 a prime number?
False
Is 9133 a composite number?
False
Is 932543 prime?
False
Is 38431 a prime number?
True
Is 21617 a composite number?
False
Is 3220097 a composite number?
False
Is 10181 a prime number?
True
Is 2746 composite?
True
Is 464169 a composite number?
True
Is 145571 composite?
True
Is 33661 composite?
True
Is 1780687 a prime number?
False
Is 257837 a composite number?
False
Is 5581 a prime number?
True
Is 46559 prime?
True
Is 123117 composite?
True
Is 1315861 composite?
False
Is 48731 a prime number?
True
Is 11089 a prime number?
False
Is 261839 prime?
False
Is 13042 a prime number?
False
Is 22739 composite?
False
Is 30133 composite?
False
Is 117409 a composite number?
True
Is 26837 composite?
True
Is 482777 prime?
False
Is 27289 a prime number?
False
Is 14173 prime?
True
Is 6527597 a composite number?
False
Is 4727 a prime number?
False
Is 62267 a prime number?
False
Is 82067 a prime number?
True
Is 469387 composite?
True
Is 86923 a prime number?
True
Is 24789 a prime number?
False
Is 173953 a composite number?
True
Is 263833 a prime number?
False
Is 415861 a prime number?
True
Is 253697 a prime number?
False
Is 158683 a composite number?
True
Is 869227 composite?
True
Is 215627 a composite number?
True
Is 105257 a prime number?
False
Is 3419 prime?
False
Is 6941 a prime number?
False
Is 84922 a prime number?
False
Is 262007 a prime number?
True
Is 3083 a composite number?
False
Is 1543 prime?
True
Is 121043 composite?
True
Is 2179 a composite number?
False
Is 596795 a composite number?
True
Is 23279 a prime number?
True
Is 93169 a prime number?
True
Is 11017 a composite number?
True
Is 15073 a prime number?
True
Is 6343 prime?
True
Is 12127 composite?
True
Is 1687 a composite number?
True
Is 9239 composite?
False
Is 117779 a composite number?
False
Is 9791 a prime number?
True
Is 40981 prime?
False
Is 10973 a prime number?
True
Is 20249 a prime number?
True
Is 135101 a prime number?
True
Is 222107 a composite number?
False
Is 325847 a composite number?
True
Is 3449 a prime number?
True
Is 542959 a prime number?
False
Is 293 composite?
False
Is 11945 a composite number?
True
Is 36353 a composite number?
False
Is 4153 a composite number?
False
Is 124238 prime?
False
Is 271499 a composite number?
False
Is 7219 a composite number?
False
Is 102941 prime?
False
Is 5987 composite?
False
Is 23399 composite?
False
Is 64213 composite?
True
Is 32569 prime?
True
Is 304719 a composite number?
True
Is 13019 a composite number?
True
Is 373753 a prime number?
True
Is 4547 a prime number?
True
Is 1943 composite?
True
Is 8413 a composite number?
True
Is 370013 a composite number?
True
Is 227803 prime?
False
Is 31601 composite?
False
Is 26801 a composite number?
False
Is 222419 composite?
False
Is 36833 a prime number?
True
Is 138711 prime?
False
Is 43207 a prime number?
True
Is 64781 prime?
True
Is 35387 a composite number?
True
Is 265137 prime?
False
Is 29981 a prime number?
False
Is 1172503 a composite number?
False
Is 1847 composite?
False
Is 77683 prime?
False
Is 80357 a composite number?
True
Is 393343 prime?
False
Is 36721 prime?
True
Is 155119 a prime number?
True
Is 30409 prime?
False
Is 58039 prime?
False
Is 417817 composite?
True
Is 4343519 prime?
True
Is 77629 a prime number?
False
Is 6449 a prime number?
True
Is 1059987 prime?
False
Is 32633 a composite number?
False
Is 7639859 pri